(v) = -v**3 - 6*v**2 - 6*v + 4. What is the remainder when b(-5) is divided by q?
0
Let v = 5 + 3. Let b be 18/v - 2/8. Let t = b + -1. Calculate the remainder when 1 is divided by t.
0
Let q be (3 - 6)*(0 - -5). Let l = 1 - q. Let j = 77 + -30. Calculate the remainder when j is divided by l.
15
Suppose 22 = -2*z + 24. What is the remainder when z is divided by 1?
0
Let l be (-1)/((-1)/((-9)/3)). What is the remainder when (37/4)/(l/(-12)) is divided by 13?
11
Suppose 0 = -b + 6*b + 20, w - 39 = 5*b. What is the remainder when ((-15)/6)/(1/(-22)) is divided by w?
17
Let t be (-5)/(-15) - 29/(-3). Suppose f = 5*n - 79, t = n + 5*f - 11. What is the remainder when 61 is divided by n?
13
Let o(z) = 2*z**3 + z**3 - 12 + 9*z**2 - z - 2*z**3. Let l be o(-9). Let g(q) = -2*q - 3. Calculate the remainder when 4 is divided by g(l).
1
Let g(j) = j + 1. Let q be g(4). Suppose -q*b - 18 = -148. Let p = 10 + -1. Calculate the remainder when b is divided by p.
8
Let z(c) = -c - 5. Let j be z(-5). Suppose 0 = -4*v - 3*b + 47, 0*v - 2*v + 3*b + 1 = j. What is the remainder when 22 is divided by v?
6
Suppose -3*w + 41 = -34. Calculate the remainder when w is divided by 14.
11
Let t(p) = -p**3 - 7*p**2 - 8*p + 3. What is the remainder when 70 is divided by t(-6)?
10
Let r = 5 - 12. Let o be r/2*(-3 - -1). Calculate the remainder when (-2)/o + (-1230)/(-42) is divided by 15.
14
Let x(a) = a**2 - a + 63. Calculate the remainder when x(0) is divided by 16.
15
Suppose -5*l = -122 + 7. Suppose 2*t = r + 22, 0 = -5*t - 0*t - r + 62. What is the remainder when l is divided by t?
11
Let o be 35/14*(-16)/(-10). What is the remainder when 5 is divided by o + 0/(2 - 3)?
1
Suppose 0 = 5*p - 58 - 7. What is the remainder when p is divided by 5?
3
Suppose 4*f - 5*f + 5 = 0. Calculate the remainder when 45 is divided by 1 - f - (-84)/3.
21
Suppose 4*p = -4*q + 428, -442 = -4*p + 5*q - 2*q. Suppose 0*g = -g + 4*v + 32, -3*g + p = v. Let a = g - 0. What is the remainder when a is divided by 19?
17
Let u(q) be the second derivative of q**4/12 - 7*q**3/6 - 3*q**2/2 - 2*q. What is the remainder when 15 is divided by u(8)?
0
Let p = 48 - 5. What is the remainder when 84 is divided by p?
41
Let w(h) = -h**2 + 5*h + 6. Let l be w(6). Suppose -u - 3 = 0, 3*p + 2*u = -l*u - 3. Calculate the remainder when -23*(1 + -1 - p) is divided by 12.
11
Let t(s) = s**2 + 11*s + 2. Let b be t(-11). Let x(d) = -5*d - 1 - 8*d + b*d - 1. Calculate the remainder when x(-2) is divided by 7.
6
Suppose -4*l + 105 + 47 = 0. Suppose 0 = 3*g - 0*g + 39. Calculate the remainder when l is divided by g*(-3)/(6/2).
12
Let q = 11 - 1. Let l = q + 9. Suppose -6*s + s + 4 = -3*j, -4*j = 4*s - 48. What is the remainder when l is divided by j?
5
Let b(t) = t**3 + 5*t**2 + 4*t. Let f be ((-18)/(-4))/((-6)/16). Let w = 5 - f. What is the remainder when w is divided by b(-3)?
5
Let l be (-2)/5 + (-3)/5. Let o = l - 24. Let x = -13 - o. What is the remainder when x is divided by 5?
2
What is the remainder when ((-3)/9)/((-6)/90) is divided by 1/(-3) + (-20)/(-6)?
2
Suppose 0 = -d - c + 4 + 3, 3*d = 4*c + 42. Let s be (4/10)/(2/d). Suppose s*x - 2 = 0, 5 = -m - x + 16. What is the remainder when 39 is divided by m?
9
Suppose -3*a + 0*a - 2*t + 15 = 0, 4*a - 9 = t. Suppose a*y - 59 - 142 = 0. What is the remainder when y is divided by 17?
16
Let b = 160 - 96. Suppose 3*w - b = 56. What is the remainder when w is divided by 14?
12
Suppose -49 = -3*j - 1. Let k(x) = -13*x + 3. What is the remainder when k(-2) is divided by j?
13
Suppose -4*n + 0*z - 4*z = 4, 45 = 5*n - 5*z. Let j = 98 + -68. Calculate the remainder when 0 - j/((-6)/2) is divided by n.
2
Let w = 2 - 0. Suppose 2*m - x = -12, 11 - 29 = 2*m + 2*x. Let n = 11 + m. Calculate the remainder when n is divided by w.
0
Calculate the remainder when 27 is divided by (30/(-9) + 2)*-6.
3
Suppose -11*n = -10*n - 10. What is the remainder when 11 is divided by n?
1
Let k(r) = 2*r**2 + 2 - 4 + 0. Let u be k(-6). Suppose 5*x = 3*x + u. What is the remainder when x is divided by 9?
8
Let g = 29 - 10. Suppose -2*d + 23 = 3*t, -2*t = 5*d - 7*t - 45. Calculate the remainder when g is divided by d.
9
Suppose -10 = -6*x + x. Calculate the remainder when 16 is divided by 5/x*72/20.
7
Suppose -2*d + 0 = 6. Let m(f) be the third derivative of f**5/60 - f**4/12 + f**3/6 + 2*f**2. What is the remainder when 46 is divided by m(d)?
14
What is the remainder when 175/(-20)*(-5 - -1) is divided by 18?
17
Let w be (-7)/(-3) + 3/(-9). Suppose 10 = 7*g - w*g. Calculate the remainder when 2 is divided by g.
0
Let a be 23*1 + 9/9. Let z = a - 9. Suppose -5*t = -7*q + 4*q + 124, -4*t = q - 47. Calculate the remainder when q is divided by z.
13
Suppose -s + 205 = 4*s. Suppose f - 8 = 3. What is the remainder when s is divided by f?
8
Suppose -3*x + 3 = -3. Suppose -5*q + 12 = x. Let h(t) = -t**3 - 4*t**2 - 2*t + 6. Calculate the remainder when h(-3) is divided by q.
1
Let f be 4/(-18) + (-426)/27. Suppose -w + k + 5 = -3*k, 0 = -2*w + k + 24. Calculate the remainder when w is divided by f/(-3) + 1/(-3).
3
Suppose -v - 2 + 6 = h, h = 4*v - 11. Calculate the remainder when 9 is divided by v.
0
Suppose -50 - 8 = -2*y. Calculate the remainder when 56 is divided by y.
27
Let f(w) = 13*w + 13. Let d(i) = -7*i - 6. Let x(h) = 9*d(h) + 4*f(h). Let k be x(-5). Calculate the remainder when (-4)/(-10)*(2 + k) is divided by 8.
6
Let w(b) = b - 6. Suppose 5*j + 40 = 5*x, x - 5*x + 5*j + 34 = 0. Let s be w(x). What is the remainder when 32 is divided by (6 - -5) + s/(-1)?
10
Let p = 16 - 7. Calculate the remainder when p is divided by 3.
0
Let x be 1 + -2*1*32. Suppose 3*z = u - 106, -z + 25 = 5*u - 425. Let j = u + x. What is the remainder when j is divided by 10?
8
Suppose 3*g = -3*q + 126, 0 = 2*q - 3*q - 5. Calculate the remainder when g is divided by 25.
22
Suppose -4*a - 3*l + 209 = 0, 2*l = 5*a - 197 - 47. Suppose 83 = q + 2*q - 5*s, 2*q - 52 = 4*s. What is the remainder when q is divided by 10/a + 128/10?
10
Suppose -a + 14 = -5*b, -6*a + 20 = -2*b - 2*a. Calculate the remainder when 25 is divided by (-5)/b*(-98)/(-35).
4
Let f = 31 + -27. Suppose -2*p = -4*u + 2, -2*u + 4*p - 5*p - 1 = 0. Suppose u*j - f = -2*j. What is the remainder when j is divided by 1?
0
Suppose 3*a - 17 = v + 58, v = -4*a + 93. Suppose 5*i - 2*i - a = 0. Calculate the remainder when 13 is divided by i.
5
Let l = -14 + 19. What is the remainder when 14 is divided by l?
4
Let y be 44/12 + 1/3. Calculate the remainder when ((-2)/y)/(1/(-46)) is divided by 12.
11
Let t = -4 - -4. Suppose t = 2*z + z - 87. Calculate the remainder when z is divided by 8.
5
Suppose 6*i + 22 = 2*l + 3*i, l + 2*i = 11. Calculate the remainder when l is divided by -2 + 2 + -2 + 6.
3
Let k = 13 + 0. Calculate the remainder when 37 is divided by k.
11
Let g(r) = r**2 - 2*r - 2. Suppose 2*f + 3*k = 22, 0*k - k = -4. What is the remainder when 37 is divided by g(f)?
11
Let j = -56 + 122. What is the remainder when j is divided by 17?
15
Suppose 23*t - 25*t + 12 = 0. Suppose 13 = d + 2. What is the remainder when d is divided by t?
5
Suppose 3*r + 5*j + 0*j = 4, 4*j + 4 = 0. Suppose -4*d - 2*l + 107 = r*l, 5 = -5*l. What is the remainder when d is divided by 10?
8
Suppose -5*a = -5*y + 73 - 28, -4*y = -a - 48. Let s = 24 + -17. Suppose 0 = 2*h - s - 7. Calculate the remainder when y is divided by h.
6
Let p(q) = -27*q + 5. What is the remainder when p(-1) is divided by 11?
10
Let h = 4 + -3. Let q be -1 + 1 - (-6 + h). Suppose -p = -0*p + q*f - 23, -2*p - 3*f = -39. What is the remainder when p is divided by 10?
8
Let q = -8 - -21. Suppose 3*g = b + 7*g + q, -b + 5*g = -32. Calculate the remainder when b is divided by 4.
3
Let k(y) = y**3 - 12*y**2 + 22*y - 13. What is the remainder when 83 is divided by k(10)?
6
Let s = 3 + 1. Suppose 4*w = -2*l + 330, w = 5*w + s*l - 336. Suppose b + w = 2*h + 3*h, -61 = -4*h - 3*b. What is the remainder when 31 is divided by h?
15
Let a = -29 - -58. What is the remainder when 82 is divided by a?
24
Let u be (-2 - 1 - -3) + -10. What is the remainder when (-108)/(-10) - 2/u is divided by 6?
5
Let k(y) = y**3 - 8*y**2 - 8*y - 4. Calculate the remainder when k(9) is divided by 4.
1
Suppose 7*b - 4*b = 33. What is the remai